). What is the greatest common divisor of y and 40?
10
Suppose -321*w = -343*w + 5566. What is the highest common divisor of 184 and w?
23
Suppose 289 + 275 = -3*q. Let t = q - -119. Let i = -15 - t. What is the highest common factor of 6 and i?
6
Suppose -4 - 3 = -r. Let v = 22 - -1. Suppose c - 12 = v. What is the greatest common divisor of r and c?
7
Suppose 3*t + 4 = 19. Suppose 0*k + 16 = k + 3*o, 3*k + t*o = 28. Let n be (15/(-10))/(2/(-12)). What is the greatest common divisor of k and n?
1
Let h = 815 + -820. Let m be 3/(-9) + (-34)/6. Let r be h/((-15)/m) - -28. What is the greatest common divisor of r and 26?
26
Let a be 3 - 4 - -3*1. Suppose -a*y = -23 + 9. Suppose 3*c - d = 464 - y, c = d + 149. What is the highest common factor of 14 and c?
14
Let q(o) = -o**2 + 11*o + 1. Let c be q(9). Suppose -5*y + 69 = c. Calculate the highest common factor of y and 10.
10
Let b be (11/4)/((-9)/(-72)). Suppose -98 = -2*k - b. What is the highest common factor of 38 and k?
38
Let f = -114 + 817. Calculate the greatest common divisor of 37 and f.
37
Suppose 247 = 2*z - 3*a, 372 = 4*z - z - 3*a. Let o = z + -123. What is the greatest common factor of o and 16?
2
Suppose 5*n = -2*f - 43, 9*f = -2*n + 4*f - 34. Let q(b) = 3*b - 2 + 6 - b**2 + 2*b**2. Let d be q(n). Calculate the highest common factor of 32 and d.
32
Let d = -100 + 210. Let a = -25 - -35. Suppose -5*w - 4*k = -a - 88, -2*k = 6. Calculate the highest common factor of d and w.
22
Let p(v) = 10*v - 4. Let n = 41 + -34. Let f be p(n). Calculate the greatest common factor of 6 and f.
6
Let h be (38/(-3))/((-80)/3960). Calculate the highest common factor of h and 33.
33
Suppose -5*i = -4*i. Let v be (-4 - i)/(2/(-36)). What is the highest common factor of 48 and v?
24
Let f(z) = z**2 - 2*z + 9. Let b be f(0). Suppose 0 = 6*j - b*j + 18. What is the greatest common factor of j and 12?
6
Suppose 5 = 3*l - 31. Let r be 8/(-3)*(-2)/(8/l). What is the highest common factor of r and 8?
8
Suppose 22 = 2*v - 6. Calculate the greatest common factor of v and 42.
14
Suppose 3*v = -5*m + 68, -3*m + 60 = -4*v + v. Calculate the highest common factor of 64 and m.
16
Let k be ((-2640)/50 - -8)*-10. What is the greatest common divisor of 84 and k?
28
Let l = 166 - -419. Suppose -6*k + l = -3*k. Let y be (k/12)/(1/4). What is the highest common divisor of y and 13?
13
Let i(n) = n + 4. Let d be i(-6). Let j = 15 - d. Let c be -6 + 3 - 1 - -157. Calculate the highest common factor of c and j.
17
Let x be (15/(-4))/((-2)/(-8)*-1). Let b be 35*(1 - 9/x). Let r = -226 - -338. What is the greatest common divisor of r and b?
14
Suppose -6*f - 4*f = 1050. Let x = f + 113. What is the highest common factor of x and 44?
4
Let u(f) = -153*f**3 - 3*f**2 - 5*f - 2. Let y be u(-2). What is the highest common divisor of 60 and y?
20
Let t(p) = -p**2 + 9*p + 1. Let z be t(8). Let i = 3 + z. Calculate the highest common factor of i and 8.
4
Suppose -5*n - 5*h + 2670 = 0, -4*n + 5*h + 757 + 1361 = 0. What is the greatest common divisor of 84 and n?
28
Suppose 2*h - 8*t = -4*t + 176, 3*h + t - 285 = 0. Calculate the greatest common divisor of h and 235.
47
Suppose -6 = -4*s + 10. Suppose 4*c + 36 = 4*m, -3*m - 2*c + 31 = -s*c. Let x be 315/12 + (-3)/12. Calculate the highest common divisor of m and x.
13
Suppose 0 = 2*f - 267 + 15. Calculate the greatest common factor of 238 and f.
14
Suppose m - 3*z + 19 = 160, -m = 3*z - 117. Calculate the greatest common factor of m and 473.
43
Let w(k) = -146*k - 18. Let s be w(-3). Suppose 4*p - s = -6*p. What is the greatest common divisor of 12 and p?
6
Let m(k) = 10*k**3 + 8*k**2 - k - 39. Let x be m(5). Calculate the highest common divisor of 74 and x.
74
Let j = -37 - -52. What is the highest common factor of 35 and j?
5
Suppose 25 = 7*t - 227. Calculate the greatest common divisor of t and 48.
12
Let t = -442 - -667. What is the highest common factor of t and 75?
75
Suppose -10*y + 1800 = 5*y. What is the highest common divisor of 20 and y?
20
Let w = 1990 - 1277. Calculate the highest common factor of 31 and w.
31
Let u be -2 - (20 - 1)*-1. Suppose 5*g - 302 = 38. Suppose -6*v + g = -2*v. Calculate the highest common divisor of u and v.
17
Let w be 5*((-2 - -18) + -8). What is the highest common divisor of 136 and w?
8
Let o = -87 + 101. Let r be (-15)/(-10) - (-193)/2. What is the highest common divisor of r and o?
14
Let m be (-18)/4*(-9 - 5). Suppose m*d + 50 = 68*d. What is the greatest common factor of d and 40?
10
Let o be -5*((-9 - -4) + 2). Suppose 2*c + c = -633. Let a = c - -316. What is the greatest common divisor of o and a?
15
Let v be (-65)/(-78)*(7 + -1). Let j be 4 + 2 + 6/2. Suppose j = 2*t - 1. What is the highest common factor of t and v?
5
Let p = -5 + 16. Suppose -9*r - 10 = -p*r. Let s(l) = -l**2 + 12*l - 5. Let h be s(r). Calculate the greatest common factor of h and 5.
5
Let a = -166 - -217. Suppose 90 = 3*y - 4*z, 5*y - 3*z - 39 - 122 = 0. Calculate the greatest common factor of a and y.
17
Let f(u) = u**3 - 12*u**2 - 16*u + 7. Let c be f(13). Let o = c + 77. What is the greatest common divisor of o and 5?
5
Let x be (2 - -129) + (-90)/(-10). What is the highest common divisor of 644 and x?
28
Let j be ((-1)/1)/(1/2). Let z be (0 + -3)*((-78)/9 - j). What is the highest common factor of z and 10?
10
Suppose -422 = 4*a - 6*a + l, a + l = 208. Calculate the greatest common factor of 30 and a.
30
Let a = 40 + -21. Let x = a - 7. Calculate the highest common factor of x and 6.
6
Let j(w) = 2*w**2 - 50*w - 53. Let q be j(27). What is the greatest common factor of q and 440?
55
Let h be 15*(4/(-6) - (-5 + 3)). Let f(y) = 2*y**2 - 12*y - 4. Let n be f(12). What is the greatest common factor of n and h?
20
Suppose -4 - 11 = -r. Let d be (-14)/(-5) + 3/r. Suppose 0*l = d*l - 30. What is the greatest common factor of l and 10?
10
Suppose -3*w - 6 = 3*l - 0*w, 2*l = -3*w - 9. Let a(g) = 0 - 4*g + l + 0*g - 8*g. Let t be a(-5). What is the highest common divisor of t and 9?
9
Let z = -1440 - -1536. What is the highest common factor of 9 and z?
3
Suppose 0 = -55*k + 50*k + 255. Calculate the highest common factor of k and 3.
3
Suppose 204 - 234 = -v. Let p(r) = r**3 - 6*r**2 + 7*r - 7. Let n be p(5). Suppose -2*b = n*b - 60. Calculate the highest common factor of v and b.
6
Let n(i) = -9 + 2*i + 6 - 6. Let j be n(6). Suppose -257*y + 259*y - 54 = 0. What is the greatest common divisor of j and y?
3
Let j be 8 - (-76)/(-16)*-4. Calculate the greatest common divisor of 6 and j.
3
Let l be (76/2)/((-2)/(-4)). Let v(x) = -37*x**2 + 299*x - 5. Let u be v(8). What is the greatest common divisor of l and u?
19
Suppose -5*v - 13 = -38. Suppose 79 = 4*b + 3*l, -4*b + 79 + 24 = -v*l. Calculate the greatest common factor of 88 and b.
22
Let r = 879 - 870. What is the greatest common factor of r and 1233?
9
Let v = -27 - -33. Let t(m) = -m**3 + 4*m**2 + 13*m - 6. Let y be t(v). Suppose q - 8 - 5 = y. What is the greatest common divisor of q and 104?
13
Let s = -1166 - -1212. Let x(v) = 6*v**2 - 5*v - 1. Let m be x(-4). Calculate the highest common factor of s and m.
23
Let q(i) = -270*i. Suppose 48 = -5*v - r, 2*r + 17 = -3*v - 16. Let c = -10 - v. Let h be q(c). Calculate the greatest common factor of h and 30.
30
Let u(a) = a**3 + 17*a**2 - 16*a + 41. Let q be u(-18). Suppose w - 117 = -q*n, 4*w = -4*n + 50 + 34. Calculate the greatest common divisor of n and 48.
24
Let n = 751 - 316. Suppose c = 4*c - 2*v - n, -4*v + 306 = 2*c. Suppose y = 2*d + 21, -2*y = 2*y - d - 84. Calculate the greatest common divisor of y and c.
21
Let g = 559 - 289. Calculate the greatest common divisor of g and 30.
30
Suppose 2*z + 122 = -b, -5*z - 3*b - 304 = -b. Let o(s) = 2*s**2 + 6*s + 7. Let v be o(6). Let x = z + v. Calculate the greatest common factor of 5 and x.
5
Let y(s) = 36*s**2 + s - 1. Let t be y(1). Let m be (6 + 1664/(-8))*(-2)/4. Let x = 105 - m. Calculate the highest common factor of t and x.
4
Let q(x) = 5*x**2 - 3*x - 1. Let t be q(2). Suppose 4*f = t + 3. Let a be f/(-6)*-6*1. Calculate the greatest common divisor of 16 and a.
4
Let v(x) be the second derivative of -2*x**3/3 + x**2 - 6*x. Let i be v(-3). What is the greatest common divisor of i and 35?
7
Let b = -232 - -236